 j(i) = i + 7. Let h be j(-4). Suppose -l = h*m - 17, 0 = 5*l - 3*m - m + 10. Let y(n) = 2*n**2 - 3*n - 2. Calculate the remainder when y(3) is divided by l.
1
Suppose 4*o - 13 = 3*o. Calculate the remainder when 50 is divided by o.
11
Let a = 10 - 10. Suppose 5*u + p = 216, a*u - 5*p = u - 24. Calculate the remainder when u is divided by 15.
14
Let y = 63 - 92. Let u = 94 - y. What is the remainder when u is divided by 31?
30
Suppose -4*v - k = -6*k - 52, -4*v + 2*k + 40 = 0. Let p(o) = -5*o + 2. What is the remainder when p(-4) is divided by v?
6
Suppose 5*a + 2 = -j, 5*j - 3*a + 5 = 23. Calculate the remainder when j is divided by 3.
0
Let q = 20 - 13. Let d = -28 - -40. Calculate the remainder when d is divided by q.
5
Let i = 105 + -69. Suppose -2*d + 6*d = i. Calculate the remainder when d is divided by 5.
4
Let m = -3 + 7. Suppose -13 = -m*b + 3. Calculate the remainder when b is divided by 2.
0
Let w be (-15 + -1)/(2 + -3). Let g = w - 0. Let k = 74 - 43. What is the remainder when k is divided by g?
15
Suppose 0 = 2*c - 9 - 3. Let g(n) = n**3 - 5*n**2 + n. What is the remainder when g(c) is divided by 15?
12
Let h(c) = 1 - 11 - 3 + 2*c. Calculate the remainder when 17 is divided by h(9).
2
Let i = -4 + 6. Let v(p) = p**3 - 6*p**2 + 4*p + 7. Calculate the remainder when i is divided by v(5).
0
Suppose 5*p + 2*q - 5*q = 82, -5*p - 2*q = -62. Suppose -27 = -4*i - 2*m + 3, 0 = 4*i + 5*m - 45. Calculate the remainder when p is divided by i.
4
Let a = 163 + -98. Suppose a = -3*o - 2*o. Let z = -7 - o. What is the remainder when z is divided by 4?
2
Let x = -158 - -298. Let t = x - 80. Let m = -26 + t. Calculate the remainder when m is divided by 18.
16
Suppose 3*n + z - 48 = 0, 0 = -2*n + 5*z + 35 + 14. Suppose 0 = -p - 3*o + 42, -44 = -p - 2*o - 0*o. Calculate the remainder when p is divided by n.
14
Let j be 30/(-25)*(-20)/6. Suppose j*s + 0 = -24. Let x(o) = -o**3 - 5*o**2 + 7*o + 9. Calculate the remainder when 8 is divided by x(s).
2
Let o = 198 + -188. Let u(x) = 2*x**2. What is the remainder when u(-3) is divided by o?
8
Calculate the remainder when (58/3)/((-2)/(-3)) is divided by 5/(-15) + 31/3.
9
Suppose 3*u - 6 - 9 = -d, -5*u + 3*d + 25 = 0. Let t(g) = -5*g + 2. Calculate the remainder when t(-2) is divided by u.
2
Suppose -576 = -10*m - 226. Calculate the remainder when m is divided by 19.
16
Calculate the remainder when 76 is divided by 10*(0 + 8)/4.
16
Let l(r) = r**3 + 4*r**2 - 6*r + 7. What is the remainder when 1/(-1) + 8*3 is divided by l(-5)?
11
Let i(k) = k**3 + 8*k**2 + 5*k + 3. Calculate the remainder when i(-7) is divided by 9.
8
Suppose -3 = -2*s - 2*h + 1, -5*s + 5*h = -60. Suppose 2*f + 2*f - 48 = 0. What is the remainder when f is divided by s?
5
Let z(r) = 14*r**3 - 4*r**2 + r + 1. Calculate the remainder when 22 is divided by z(1).
10
Let j = -1 + 1. Suppose j = h - 6 + 2. What is the remainder when 6 is divided by h?
2
Let g(t) = 2*t - 4. Let x(c) = c**3 - 4*c**2 + c - 5. Let p be x(4). Calculate the remainder when p*3*3*-5 is divided by g(8).
9
Let q = 6 + 1. Suppose -2*l + l + q = 0. Calculate the remainder when (-2)/l - (-489)/21 is divided by 12.
11
Let z = -17 - -35. Suppose -2*a - 132 = -4*l, -3*l - 2*a + 7*a + 92 = 0. What is the remainder when l is divided by z?
16
Suppose -5*i + 10 = 2*q - 2, -3*i = 5*q + 8. Suppose 5*f - 15 = i*f. What is the remainder when 44 is divided by f?
14
Let l(p) = 5*p + 2. Let m be l(-2). Suppose -59 = -4*q + 3*i, 0 = 5*q + i + 2*i - 40. Let r = m + q. What is the remainder when 7 is divided by r?
1
Suppose -2*k + 14 = 2*r, -2*k - 5*r = k - 25. Suppose -k*t + 36 = -9. Calculate the remainder when 25 is divided by t.
7
Let z = -24 + 57. Calculate the remainder when 62 is divided by z.
29
Let c = -8 + 10. Suppose 3*y = c*b + 184, 4*y - 76 = 3*b + 171. What is the remainder when y is divided by 20?
18
What is the remainder when 42 is divided by 9 + 3 + (-1)/1?
9
Let w(k) be the first derivative of -k**3/3 - 3*k**2 + 4*k - 1. Suppose 14 = -7*g + 9*g. Calculate the remainder when w(-4) is divided by g.
5
Calculate the remainder when 635/7 - 20/(-70) is divided by 23.
22
Suppose -3*y + 0*q + 5*q - 3 = 0, -4*q + 1 = -y. Calculate the remainder when 94 is divided by 4/(-2) - (y + -25).
22
Let g be (-3 - -1)*-1 - 34. Let n = g + 58. Suppose 4*h - 45 = 3*f, -2*h - h + 5*f + 42 = 0. Calculate the remainder when n is divided by h.
8
Suppose v - 185 = -4*v. Let o = v + 0. Suppose 5*j + 4*p = 32, -3*p + o - 8 = 5*j. Calculate the remainder when 6 is divided by j.
2
Let o(s) = -s + 7. Let m be o(7). Suppose 11 = 2*x - 2*y - 53, m = -4*x + 3*y + 132. What is the remainder when x is divided by 19?
17
Let g = 18 - 8. Suppose 5*b + 5*d = -0*b - 5, -5*d = -b + 11. Calculate the remainder when (-4)/g - (-24)/10 is divided by b.
0
Let y = -198 + 202. What is the remainder when 10 is divided by y?
2
Let q(v) = v**3 + 13*v**2 - 9. Let w be q(-13). Let a = 22 + w. Calculate the remainder when 49 is divided by a.
10
Suppose 5*d + 15 = -5, 4*c + 2*d - 100 = 0. Calculate the remainder when c is divided by 16.
11
Suppose 5*q - 16 = -4*z - 2, -4*z - 2 = -3*q. Suppose 37 = 3*y - q*y. Let i = y - 9. Calculate the remainder when i is divided by 15.
13
Let f = -11 - -30. What is the remainder when f is divided by 10?
9
Suppose -22*p + 40 = -20*p. What is the remainder when 98 is divided by p?
18
Suppose 0*s - 62 = -2*s. Let n = 56 - s. Calculate the remainder when n is divided by 7.
4
Let t = 4 - -1. Suppose 4*r + 54 = -h + 4*h, -t*r = -15. Suppose 0*o - 8 = -o. Calculate the remainder when h is divided by o.
6
Let v = 12 - 8. Suppose 3*s = s - 2*q + 14, 2*s = 3*q + 34. What is the remainder when s is divided by v?
3
Suppose -4*m + 20 = 5*d, -7 - 9 = 2*m - 4*d. Suppose m = 2*j + 2, 2*f + 7*j = 4*j + 1. Calculate the remainder when 3 is divided by f.
1
Let v = 3 + 6. Calculate the remainder when 26 is divided by v.
8
Let o be 240/140*(-36 + 1). Suppose -3*p + 16 = 4*h, 4*p = -h + 6*h - 51. What is the remainder when ((-8)/(-12))/((-2)/o) is divided by h?
6
Let c(k) = -53*k - 1. Let o be 1 + -2 - -4 - -4. Suppose -4*m + o*m = 54. What is the remainder when c(-1) is divided by m?
16
Suppose 5 = -x + 2*b, 4*b = x + 11 - 2. Calculate the remainder when (5/(-10))/(x/14) is divided by 2.
1
Suppose 7*q - 10 = 2*q. Let s be -2 + 4 + (-4)/(-4). What is the remainder when 6/3*(s + q) is divided by 3?
1
Let m = 2 - 2. Suppose 0 = -3*x - o + 9, m*x = 2*x - 4*o + 8. What is the remainder when 35 is divided by (-1 - -9)*3/x?
11
Suppose 3*q = -2*q + 10. Calculate the remainder when 2 is divided by q.
0
Suppose -200 + 191 = -3*d. Suppose 3*a + 2 - 11 = 0. Suppose a*y = -2*y + 40. What is the remainder when y is divided by d?
2
Suppose 4*n = 2*n. Suppose -3*k + 56 = 4*m, 0 = k - m - n*m - 28. Suppose 0 = -6*d + 5*d + k. Calculate the remainder when d is divided by 13.
11
Let s(m) = -m**3 + 13*m**2 - 12*m - 6. Let y be s(12). Let w = y + 15. What is the remainder when 35 is divided by w?
8
Let b = -39 + 95. What is the remainder when b is divided by 15?
11
Let n = 1 + -10. Let j = 13 + n. Calculate the remainder when 9 is divided by 6*((-2)/j + 1).
0
Suppose 0 = 4*s - 13 + 5. Suppose 4*d - 7 = s*g + 23, -2*d + 5*g = -11. Calculate the remainder when 8 is divided by (3 - d)*(-1 - 0).
3
Suppose -5*h + 0*h + 289 = 3*p, 3*p + 3*h = 291. Calculate the remainder when p is divided by 26.
20
Let t = 9 - 6. Suppose -a + t*a - 70 = 0. Calculate the remainder when a is divided by 9.
8
Let u = -7 - -9. Suppose -u*w + 29 = y, 3*y + 0*w = 5*w + 131. Calculate the remainder when y is divided by 19.
18
Suppose -5*n + 2*g + 91 = 6*g, 5*n = -g + 94. What is the remainder when 47 is divided by n?
9
Let p(w) = 3*w + 2. Let i be p(6). Let z = i - 12. Calculate the remainder when 22 is divided by z.
6
Suppose -79 - 101 = 4*m. Let g = -32 - m. Suppose -96 = -4*d - 0*d. What is the remainder when d is divided by g?
11
Suppose -3*u + 18 = 2*t, t - 2 = -0*u + 2*u. Let x be 2*-18*(-4)/t. Let m = x + -5. Calculate the remainder when m is divided by 7.
5
Let f = 5 + 11. What is the remainder when 63 is divided by f?
15
Let v(l) = 4*l + 29. What is the remainder when 16 is divided by v(-6)?
1
Suppose -3 = 3*h - 12. Suppose h*f - 8 - 7 = 0. Suppose 44 